rime number?
True
Suppose -o = 39 - 38. Let h be (o + 0)/(5/15) - -449. Let d = h - -531. Is d a composite number?
False
Suppose 3*n - 2*z - 230735 = 0, 5*n - 14*z + 15*z = 384528. Is n a prime number?
True
Is (-1 - -1256)/(640/132992) a prime number?
False
Let u be (-196)/21 + 10 - (-61310)/6. Let p = -6674 + u. Is p a prime number?
False
Let y = 32434 + 14125. Is y composite?
False
Let g(d) = 237551*d**2 + 250*d + 250. Is g(-1) a composite number?
True
Let t(v) = -296*v**3 + 19*v**2 + 56*v + 243. Is t(-8) a prime number?
True
Suppose 0 = -2*y + 2*n + 4656, 7*y - 6*y - 2353 = -4*n. Is y a composite number?
False
Suppose 1140831 + 879334 = 35*w. Is w a composite number?
False
Suppose 0 = 10*p + 3472 - 13692. Let h = 2887 - p. Is h a composite number?
True
Let x = -78 - -93. Suppose -x*k + 0*k = -12885. Let s = k + 223. Is s a composite number?
True
Let c(q) = -646*q**3 + 3*q**2 + 2*q + 1. Let v be c(-2). Let b = v - 3139. Is b a composite number?
True
Suppose -z + 8666 = p, 4*z - 5*p = z + 25958. Let c = z - 2024. Is c prime?
True
Let w = 37 + -31. Suppose -7*m + 8 = -w*m. Suppose 33148 = m*y - 4*y. Is y a prime number?
True
Let p(w) = 312*w**3 + 3*w**2 - 71*w + 291. Is p(5) a prime number?
False
Let z be (2 - 5)/3*(-1 + -4). Suppose 5*f = -4*s + 1261, 2*f + s - 371 = 131. Suppose z*d - f = 2*d. Is d a prime number?
True
Let d = -41435 + 60514. Is d composite?
False
Let o = -1027 + 3530. Is o - (3/(-5) - (-12)/20) a composite number?
False
Suppose 9*n + 8026 = -146. Let q = n - -5677. Is q a composite number?
True
Let u(z) = z**2 + 8*z + 13349. Suppose 0 = 28*t - 18*t. Is u(t) prime?
False
Let h(a) = 16768*a - 2433. Is h(5) composite?
True
Let w(o) = 5408*o**2 + 66*o + 653. Is w(-12) prime?
False
Suppose 18*v - 1562 = 16*v. Is v a prime number?
False
Suppose 0 = 2*p + 4*r - 491346, 0 = 44*p - 45*p - 17*r + 245703. Is p composite?
True
Let k(a) = 5680*a**2 + 29*a + 121. Is k(-6) prime?
True
Suppose 0 = -2*i - 251 + 77. Let a = i + 256. Is (1 - (-15)/4)*(a - 5) a prime number?
False
Let f be -5 - (-246)/18 - (-1)/3. Suppose f*i = 12260 - 893. Let o = i + -278. Is o a composite number?
True
Let x be ((-8)/(-5))/(4/(-490)). Suppose 6*v - 4615 - 59 = 0. Let z = x + v. Is z prime?
False
Let s = 30 + -36. Let t be (s + 22/3)/((-2)/(-6)). Suppose -t*n = -z - 2, 0 = 3*n - 0 - 3. Is z a prime number?
True
Let k(u) = 2142*u - 171. Let x be k(6). Suppose 4*y + x = 8*n - 7*n, -2*n + 2*y = -25374. Is n a prime number?
True
Let m(z) be the second derivative of 29*z - 2/3*z**3 - 29/2*z**2 + 0 + 13/6*z**4. Is m(-4) a composite number?
True
Let l = -26210 + 41439. Is l a prime number?
False
Suppose -6574 = 2*r - 3*j - 930, 0 = -2*j. Let d = r + 6975. Is d prime?
True
Let k(g) be the third derivative of 1/6*g**3 - 11*g**2 + 0*g + 1/12*g**4 + 1/20*g**5 + 0 - 11/120*g**6. Is k(-3) prime?
False
Let k(s) be the first derivative of s**4/4 + 29*s**3/3 - 8*s**2 + 71*s - 23. Is k(-23) a composite number?
False
Is 440867 + 23/(391/(-374)) a prime number?
False
Let h(x) = x**3 - x**2 - 2*x - 3. Let m be h(4). Suppose -32*r + m*r - 100 = 0. Let t(g) = g**3 - 18*g**2 - 19*g - 23. Is t(r) prime?
True
Let b(q) = -q**3 - 36*q**2 + 39*q**2 + 39*q - 7 - 28*q. Let m be -6*(-4)/(-8) - 3. Is b(m) a prime number?
True
Let n = -1 + 0. Let v(k) be the first derivative of -997*k**4/4 + k**3/3 + 3*k**2/2 + 2*k + 851. Is v(n) prime?
True
Let s(f) = -f**3 - 12*f**2 + 14*f - 19. Let g be s(-13). Let p = g + 27. Let l(t) = -147*t + 16. Is l(p) a prime number?
True
Let a(j) = 26*j**3 + 14*j**2 - 31*j + 115. Is a(10) a prime number?
False
Is 245018790/3570 - 1*(-2)/7 a prime number?
True
Suppose 15*i + 1131658 + 329619 = 62*i. Is i a composite number?
False
Suppose 3*i = c + c - 156, i = -4*c - 66. Let b = i - -47. Let f(n) = 11*n**2 - 14*n - 8. Is f(b) prime?
False
Suppose -96514 - 252027 = -34*a - 7*a. Is a a prime number?
True
Let n = 48 + -31. Let r(j) = -2 + 2 + n*j + 5 + 187*j. Is r(8) a composite number?
False
Suppose 0 = 5*p + 2*i - 123, 0*i = -2*p + 3*i + 53. Let h = -23 + p. Suppose h*k - 828 = 454. Is k composite?
False
Suppose -3*b = 3110 + 4522. Let m = b - -6593. Is m prime?
True
Let g(d) be the second derivative of 28*d**4/3 - d**3/3 + d**2/2 - 294*d. Let f be ((-2)/(-4))/((-1)/(-2)). Is g(f) composite?
True
Let j(h) = h. Let r(q) = 9*q. Let y(n) = 18*j(n) - 3*r(n). Let i be y(-2). Let v(m) = -m**3 + 22*m**2 + 5*m + 11. Is v(i) a prime number?
False
Suppose -21*u + 3759195 = 403794. Is u a composite number?
True
Let a = 243 + -228. Suppose 3*v + 4*k - 8688 = 5*k, 5*k - a = 0. Is v prime?
True
Let o = 65 - 60. Suppose -4*l + 3*j - 239 - 2 = 0, 15 = o*j. Let w = l - -68. Is w a composite number?
True
Let c(h) = -6311*h - 58. Let o be c(-23). Suppose 0 = -0*a + 15*a - o. Is a a composite number?
True
Let n = -882989 - -1443600. Is n a prime number?
False
Suppose 4*n = -4*t + 44, -25*n - 39 = -30*n - t. Let z(m) be the first derivative of 83*m**2/2 + 32*m - 1. Is z(n) a prime number?
True
Let y = 41039 - 24508. Is y a composite number?
True
Let y(q) = -8598*q + 1663. Is y(-30) a prime number?
True
Let k(s) = 44*s**2 - 439*s - 2816. Is k(-107) prime?
False
Suppose 52 = 3*n + k - 9, 4*n - 80 = -2*k. Let d = n + -1. Suppose d*h = 18*h + 730. Is h composite?
True
Suppose 2*u - 2*d = 513644, -4*u + 7*d = 6*d - 1027279. Is u a composite number?
True
Suppose -3*x = 6*x - 297. Let l be (x*17/(-2))/(3/4). Let q = l + 823. Is q a composite number?
False
Suppose 8*v - 42560 = 7*v - 2*k, -2*v + 2*k = -85108. Suppose 4*p = 4*u + v, 6*u - 10633 = -p + 4*u. Is p prime?
False
Let l be ((-36)/(-15))/((-10)/(-25)). Suppose -l*y - 7634 = -17*y. Is y a prime number?
False
Suppose -2*o - 58158 = 5*l - 239464, -o + 5*l = -90653. Is o a prime number?
False
Suppose -2*c = 4*y + 4, 3*y = -2*y - c - 2. Let n be y + -1 + -4 + 1. Is (-3)/n + 610/8 a prime number?
False
Suppose 5*l + 4*x = 7879, 3*l - 2739 - 1986 = -3*x. Let y(i) = -2*i**3 + 13*i**2 - 8*i - 2. Let a be y(10). Let z = l + a. Is z a prime number?
True
Let s = -153479 + 548196. Is s prime?
True
Suppose 2*g + 24 = 12. Is 1*6*(-1901)/g + 0 prime?
True
Let d = 79 + -77. Suppose -3*r = 2*l - 10402, r + 3*l = -d*l + 3476. Is r a prime number?
False
Let i(y) = 2*y**2 - 24*y + 4. Let c be i(13). Is ((-48381)/(-18))/((10 - 5)/c) a composite number?
False
Let a(j) = 249662*j**2 + 21*j - 20. Is a(1) prime?
False
Suppose -9*r + 8111 = -45898. Let k = 11324 - r. Is k prime?
True
Suppose 3*f + 54930 - 19216 = 4*k, -47660 = 4*f + 5*k. Suppose -5*z + 8*z + 18 = 0. Is (-3)/(-5)*f/z a composite number?
True
Suppose 1987 = -3*d + 2*l - 4368, 4*l = -3*d - 6325. Let x = 4101 + d. Suppose -7*o + 5143 = x. Is o a prime number?
False
Is 2/(((-12)/738)/(31528/(-24) - -8)) a prime number?
False
Let u(n) = -33*n - 1 + 4*n**2 + 2*n**2 - 14*n**2 + 7*n**2. Is u(-25) a composite number?
False
Suppose n = 3*n - 5*z - 126, 315 = 5*n + 3*z. Suppose n*m = 58*m + 15. Suppose 5*i - 3*y = -6*y + 5230, -m*i + 3152 = -y. Is i composite?
False
Suppose 160 = -9*v + 178. Suppose -v*r + 171 = d, r = 3*d - 5*d + 351. Is d a composite number?
True
Let s(b) = -b**3 + 34*b**2 - 46*b - 57. Let f be s(24). Suppose -k = 4*k - r - 23100, -4*r + f = k. Is k a prime number?
False
Let o(c) = -824*c + 67. Suppose 4*m + 45 = -3*b, -3*b + 2*m = 20 + 7. Is o(b) composite?
True
Suppose 44*k - 25 = 19*k. Is -2*k/(16/(-16648)) composite?
False
Suppose -7*k = -3 - 4. Is 2160/1 + (k + 0)*-1 a composite number?
True
Let x = 18875 - -19536. Is x composite?
True
Suppose -3*j + 81 = -n, -4*j = -0*n - 4*n - 100. Let t = j - 30. Is t + 1 + -1 - -196 prime?
False
Suppose 506*z - 396275935 - 243423939 = 0. Is z a composite number?
True
Let c(j) = 937*j - 22. Let d(i) = -4*i - 1. Let p be d(-1). Is c(p) composite?
False
Suppose 4*j + 3*z = 131473, 70*j - 8*z + 65782 = 72*j. Is j a composite number?
True
Suppose -9 = 13*b - 35. Is (b/(-1))/((-8)/15956) a prime number?
True
Suppose -s + 190565 = 5*f, 2*f + 5*s = 46650 + 29576. Is f a composite number?
False
Let u(j) = j**2 - 47*j - 159. Is u(58) composite?
False
Suppose 189 = 16*k - 19. Let a(b) = 25*b**2 + 19*b - 63. Is a(k) a prime number?
True
Let j(n) = n**2 - 2*n + 2. Let b(g) = 6*g**2 - 30*g - 80. Let r(c) = b(c) - 3*j(c). Is r(-23) composite?
False
Let k = 